{"id":4334,"date":"2025-06-20T11:15:36","date_gmt":"2025-06-20T09:15:36","guid":{"rendered":"https:\/\/bellaryon.com\/?post_type=product&#038;p=4334"},"modified":"2025-06-20T19:02:55","modified_gmt":"2025-06-20T17:02:55","slug":"les-licornes","status":"publish","type":"product","link":"https:\/\/bellaryon.com\/index.php\/product\/les-licornes\/","title":{"rendered":"Les licornes"},"content":{"rendered":"<p>En partenariat avec @cavali\u00e8re des marais nous avons cr\u00e9\u00e9 une friandise en \u00e9dition limit\u00e9e, les licornes antifly.<\/p>\n<p>Elle est compos\u00e9e de sel anti-fly et d&rsquo;ail, une aide pr\u00e9cieuse pour att\u00e9nuer l&rsquo;agression des mouches, taons, moustiques&#8230;<\/p>\n<p>&nbsp;<\/p>\n","protected":false},"excerpt":{"rendered":"<p>Les licornes @Cavali\u00e8re des marais arrivent pour vous aider \u00e0 lutter contre les insectes, un fl\u00e9au pour nos loulous.<\/p>\n","protected":false},"featured_media":4372,"comment_status":"open","ping_status":"closed","template":"","meta":{"om_disable_all_campaigns":false,"_monsterinsights_skip_tracking":false,"_monsterinsights_sitenote_active":false,"_monsterinsights_sitenote_note":"","_monsterinsights_sitenote_category":0,"jetpack_post_was_ever_published":false},"product_brand":[],"product_cat":[52],"product_tag":[120,119],"class_list":{"0":"post-4334","1":"product","2":"type-product","3":"status-publish","4":"has-post-thumbnail","6":"product_cat-friandises-evenementielles","7":"product_tag-antifly","8":"product_tag-insecte","10":"first","11":"instock","12":"shipping-taxable","13":"purchasable","14":"product-type-variable"},"aioseo_notices":[],"jetpack_sharing_enabled":true,"_links":{"self":[{"href":"https:\/\/bellaryon.com\/index.php\/wp-json\/wp\/v2\/product\/4334","targetHints":{"allow":["GET"]}}],"collection":[{"href":"https:\/\/bellaryon.com\/index.php\/wp-json\/wp\/v2\/product"}],"about":[{"href":"https:\/\/bellaryon.com\/index.php\/wp-json\/wp\/v2\/types\/product"}],"replies":[{"embeddable":true,"href":"https:\/\/bellaryon.com\/index.php\/wp-json\/wp\/v2\/comments?post=4334"}],"wp:featuredmedia":[{"embeddable":true,"href":"https:\/\/bellaryon.com\/index.php\/wp-json\/wp\/v2\/media\/4372"}],"wp:attachment":[{"href":"https:\/\/bellaryon.com\/index.php\/wp-json\/wp\/v2\/media?parent=4334"}],"wp:term":[{"taxonomy":"product_brand","embeddable":true,"href":"https:\/\/bellaryon.com\/index.php\/wp-json\/wp\/v2\/product_brand?post=4334"},{"taxonomy":"product_cat","embeddable":true,"href":"https:\/\/bellaryon.com\/index.php\/wp-json\/wp\/v2\/product_cat?post=4334"},{"taxonomy":"product_tag","embeddable":true,"href":"https:\/\/bellaryon.com\/index.php\/wp-json\/wp\/v2\/product_tag?post=4334"}],"curies":[{"name":"wp","href":"https:\/\/api.w.org\/{rel}","templated":true}]}}