{"id":1922,"date":"2024-05-23T02:25:29","date_gmt":"2024-05-23T00:25:29","guid":{"rendered":"https:\/\/bellaryon.com\/?page_id=1922"},"modified":"2025-06-19T16:24:40","modified_gmt":"2025-06-19T14:24:40","slug":"1922-2","status":"publish","type":"page","link":"https:\/\/bellaryon.com\/index.php\/1922-2\/","title":{"rendered":"Friandises"},"content":{"rendered":"\n<p><\/p>\n\n\n\n<div class=\"wp-block-stackable-heading stk-block-heading stk-block-heading--v2 stk-block stk-3f1dda2\" id=\"pour-son-bien-etre\" data-block-id=\"3f1dda2\"><style>.stk-3f1dda2 {margin-bottom:0px !important;}.stk-3f1dda2 .stk-block-heading__text{color:#ffffff !important;}<\/style><h2 class=\"stk-block-heading__text has-text-color has-text-align-center\">Pour son bien-\u00eatre<\/h2><\/div>\n\n\n\n<div class=\"wp-block-stackable-heading stk-block-heading stk-block-heading--v2 stk-block stk-5d0faee\" id=\"pour-son-bien-etre-une-cure-ou-tout-simplement-pour-lui-faire-plaisir\" data-block-id=\"5d0faee\"><style>.stk-5d0faee {margin-bottom:0px !important;}.stk-5d0faee .stk-block-heading__text{color:#ffffff !important;}<\/style><h2 class=\"stk-block-heading__text has-text-color has-text-align-center\"> ou tout simplement pour lui faire plaisir<\/h2><\/div>\n\n\n\n<div class=\"wp-block-stackable-text stk-block-text stk-block stk-05cb2c6\" data-block-id=\"05cb2c6\"><style>.stk-05cb2c6 {margin-bottom:83px !important;}.stk-05cb2c6 .stk-block-text__text{font-size:31px !important;}@media screen and (max-width:999px){.stk-05cb2c6 .stk-block-text__text{font-size:31px !important;}}<\/style><p class=\"stk-block-text__text has-text-align-center\"><span style=\"color: var(--theme-palette-color-7, #ffffff);\" class=\"stk-highlight\">Vous trouverez ce qui lui faut<\/span><\/p><\/div>\n\n\n\n<div class=\"wp-block-stackable-columns stk-block-columns stk-block stk-cb817eb\" data-block-id=\"cb817eb\"><div class=\"stk-row stk-inner-blocks stk-block-content stk-content-align stk-cb817eb-column\">\n<div class=\"wp-block-stackable-column stk-block-column stk-column stk-block stk-0b5bac8\" data-v=\"4\" data-block-id=\"0b5bac8\"><div class=\"stk-column-wrapper stk-block-column__content stk-container stk-0b5bac8-container stk--no-background stk--no-padding\"><div class=\"stk-block-content stk-inner-blocks stk-0b5bac8-inner-blocks\">\n<div class=\"wp-block-stackable-feature-grid alignwide stk-block-feature-grid stk-block-columns stk-block stk-c367ff7 is-style-default\" data-block-id=\"c367ff7\"><div class=\"stk-row stk-inner-blocks has-text-align-center stk-block-content stk-content-align stk-c367ff7-column alignwide\">\n<div class=\"wp-block-stackable-column stk-block-column stk-column stk-block stk-4a48dec\" data-v=\"4\" data-block-id=\"4a48dec\"><style>.stk-4a48dec {margin-top:-62px !important;margin-bottom:60px !important;}<\/style><div class=\"stk-column-wrapper stk-block-column__content stk-container stk-4a48dec-container stk-hover-parent\"><div class=\"stk-block-content stk-inner-blocks stk-4a48dec-inner-blocks\">\n<div class=\"wp-block-stackable-image stk-block-image stk-block stk-8a15d32\" data-block-id=\"8a15d32\"><style>.stk-8a15d32 .stk-img-wrapper{height:350px !important;}<\/style><figure><span class=\"stk-img-wrapper stk-image--shape-stretch\"><img data-recalc-dims=\"1\" loading=\"lazy\" decoding=\"async\" class=\"stk-img wp-image-3011\" src=\"https:\/\/i0.wp.com\/bellaryon.com\/wp-content\/uploads\/2024\/08\/IMG_20240803_182247-scaled.jpg?resize=1290%2C1713\" width=\"1290\" height=\"1713\" alt=\"Les Classiques\" srcset=\"https:\/\/i0.wp.com\/bellaryon.com\/wp-content\/uploads\/2024\/08\/IMG_20240803_182247-scaled.jpg?w=1928&amp;ssl=1 1928w, https:\/\/i0.wp.com\/bellaryon.com\/wp-content\/uploads\/2024\/08\/IMG_20240803_182247-scaled.jpg?resize=226%2C300&amp;ssl=1 226w, https:\/\/i0.wp.com\/bellaryon.com\/wp-content\/uploads\/2024\/08\/IMG_20240803_182247-scaled.jpg?resize=771%2C1024&amp;ssl=1 771w, https:\/\/i0.wp.com\/bellaryon.com\/wp-content\/uploads\/2024\/08\/IMG_20240803_182247-scaled.jpg?resize=768%2C1020&amp;ssl=1 768w, https:\/\/i0.wp.com\/bellaryon.com\/wp-content\/uploads\/2024\/08\/IMG_20240803_182247-scaled.jpg?resize=72%2C96&amp;ssl=1 72w, https:\/\/i0.wp.com\/bellaryon.com\/wp-content\/uploads\/2024\/08\/IMG_20240803_182247-scaled.jpg?resize=32%2C42&amp;ssl=1 32w, https:\/\/i0.wp.com\/bellaryon.com\/wp-content\/uploads\/2024\/08\/IMG_20240803_182247-scaled.jpg?resize=1157%2C1536&amp;ssl=1 1157w, https:\/\/i0.wp.com\/bellaryon.com\/wp-content\/uploads\/2024\/08\/IMG_20240803_182247-scaled.jpg?resize=1542%2C2048&amp;ssl=1 1542w, https:\/\/i0.wp.com\/bellaryon.com\/wp-content\/uploads\/2024\/08\/IMG_20240803_182247-scaled.jpg?resize=300%2C398&amp;ssl=1 300w, https:\/\/i0.wp.com\/bellaryon.com\/wp-content\/uploads\/2024\/08\/IMG_20240803_182247-scaled.jpg?resize=1320%2C1753&amp;ssl=1 1320w, https:\/\/i0.wp.com\/bellaryon.com\/wp-content\/uploads\/2024\/08\/IMG_20240803_182247-scaled.jpg?resize=600%2C797&amp;ssl=1 600w, https:\/\/i0.wp.com\/bellaryon.com\/wp-content\/uploads\/2024\/08\/IMG_20240803_182247-scaled.jpg?resize=64%2C85&amp;ssl=1 64w\" sizes=\"auto, (max-width: 1290px) 100vw, 1290px\" \/><\/span><\/figure><\/div>\n\n\n\n<div class=\"wp-block-stackable-heading stk-block-heading stk-block-heading--v2 stk-block stk-fb68278\" id=\"les-classiques\" data-block-id=\"fb68278\"><h3 class=\"stk-block-heading__text\">Les Classiques<\/h3><\/div>\n\n\n\n<div class=\"wp-block-stackable-text stk-block-text stk-block stk-5f1a128\" data-block-id=\"5f1a128\"><p class=\"stk-block-text__text\">Nos friandises Classiques, une valeur s\u00fbre qui a fait ses preuves plus d&rsquo;une fois! <\/p><\/div>\n\n\n\n<div class=\"wp-block-stackable-button-group stk-block-button-group stk-block stk-bf17ecc\" data-block-id=\"bf17ecc\"><div class=\"stk-row stk-inner-blocks stk-block-content stk-button-group\">\n<div class=\"wp-block-stackable-button stk-block-button is-style-plain stk-block stk-e206e25\" data-block-id=\"e206e25\"><style>.stk-e206e25 .stk-button{background:transparent !important;}<\/style><a class=\"stk-link stk-button stk--hover-effect-darken\" href=\"https:\/\/bellaryon.com\/index.php\/les-classiques\/\"><span class=\"stk-button__inner-text\">Laissez vous tenter<\/span><\/a><\/div>\n<\/div><\/div>\n<\/div><a class=\"stk-link stk-block-link stk--transparent-overlay\" href=\"https:\/\/bellaryon.com\/index.php\/les-classiques\/\" aria-hidden=\"true\" tabindex=\"-1\"><\/a><\/div><\/div>\n\n\n\n<div class=\"wp-block-stackable-column stk-block-column stk-column stk-block stk-dccaf5d\" data-v=\"4\" data-block-id=\"dccaf5d\"><style>.stk-dccaf5d {margin-top:-23px !important;margin-bottom:13px !important;}<\/style><div class=\"stk-column-wrapper stk-block-column__content stk-container stk-dccaf5d-container stk-hover-parent\"><div class=\"stk-block-content stk-inner-blocks stk-dccaf5d-inner-blocks\">\n<div class=\"wp-block-stackable-image stk-block-image stk-block stk-411de2b\" data-block-id=\"411de2b\"><style>.stk-411de2b .stk-img-wrapper{width:100% !important;height:350px !important;}<\/style><figure><span class=\"stk-img-wrapper stk-image--shape-stretch\"><img data-recalc-dims=\"1\" loading=\"lazy\" decoding=\"async\" class=\"stk-img wp-image-3010\" src=\"https:\/\/i0.wp.com\/bellaryon.com\/wp-content\/uploads\/2024\/08\/IMG_20240115_095714-scaled.jpg?resize=1290%2C1713\" width=\"1290\" height=\"1713\" alt=\"Les Sp\u00e9ciaux\" srcset=\"https:\/\/i0.wp.com\/bellaryon.com\/wp-content\/uploads\/2024\/08\/IMG_20240115_095714-scaled.jpg?w=1928&amp;ssl=1 1928w, https:\/\/i0.wp.com\/bellaryon.com\/wp-content\/uploads\/2024\/08\/IMG_20240115_095714-scaled.jpg?resize=226%2C300&amp;ssl=1 226w, https:\/\/i0.wp.com\/bellaryon.com\/wp-content\/uploads\/2024\/08\/IMG_20240115_095714-scaled.jpg?resize=771%2C1024&amp;ssl=1 771w, https:\/\/i0.wp.com\/bellaryon.com\/wp-content\/uploads\/2024\/08\/IMG_20240115_095714-scaled.jpg?resize=768%2C1020&amp;ssl=1 768w, https:\/\/i0.wp.com\/bellaryon.com\/wp-content\/uploads\/2024\/08\/IMG_20240115_095714-scaled.jpg?resize=72%2C96&amp;ssl=1 72w, https:\/\/i0.wp.com\/bellaryon.com\/wp-content\/uploads\/2024\/08\/IMG_20240115_095714-scaled.jpg?resize=32%2C42&amp;ssl=1 32w, https:\/\/i0.wp.com\/bellaryon.com\/wp-content\/uploads\/2024\/08\/IMG_20240115_095714-scaled.jpg?resize=1157%2C1536&amp;ssl=1 1157w, https:\/\/i0.wp.com\/bellaryon.com\/wp-content\/uploads\/2024\/08\/IMG_20240115_095714-scaled.jpg?resize=1542%2C2048&amp;ssl=1 1542w, https:\/\/i0.wp.com\/bellaryon.com\/wp-content\/uploads\/2024\/08\/IMG_20240115_095714-scaled.jpg?resize=300%2C398&amp;ssl=1 300w, https:\/\/i0.wp.com\/bellaryon.com\/wp-content\/uploads\/2024\/08\/IMG_20240115_095714-scaled.jpg?resize=1320%2C1753&amp;ssl=1 1320w, https:\/\/i0.wp.com\/bellaryon.com\/wp-content\/uploads\/2024\/08\/IMG_20240115_095714-scaled.jpg?resize=600%2C797&amp;ssl=1 600w, https:\/\/i0.wp.com\/bellaryon.com\/wp-content\/uploads\/2024\/08\/IMG_20240115_095714-scaled.jpg?resize=64%2C85&amp;ssl=1 64w\" sizes=\"auto, (max-width: 1290px) 100vw, 1290px\" \/><\/span><\/figure><\/div>\n\n\n\n<div class=\"wp-block-stackable-heading stk-block-heading stk-block-heading--v2 stk-block stk-3a49e02\" id=\"les-speciaux\" data-block-id=\"3a49e02\"><h3 class=\"stk-block-heading__text\">Les Sp\u00e9ciaux<\/h3><\/div>\n\n\n\n<div class=\"wp-block-stackable-text stk-block-text stk-block stk-ee36840\" data-block-id=\"ee36840\"><p class=\"stk-block-text__text\">De saison, \u00e9v\u00e8nementiels ou pour des besoins particuliers, tout y est!<\/p><\/div>\n\n\n\n<div class=\"wp-block-stackable-button-group stk-block-button-group stk-block stk-910be79\" data-block-id=\"910be79\"><div class=\"stk-row stk-inner-blocks stk-block-content stk-button-group\">\n<div class=\"wp-block-stackable-button stk-block-button is-style-plain stk-block stk-683f064\" data-block-id=\"683f064\"><style>.stk-683f064 .stk-button{background:transparent !important;}<\/style><a class=\"stk-link stk-button stk--hover-effect-darken\" href=\"https:\/\/bellaryon.com\/index.php\/les-speciaux\/\"><span class=\"stk-button__inner-text\">Laissez vous tenter<\/span><\/a><\/div>\n<\/div><\/div>\n<\/div><a class=\"stk-link stk-block-link stk--transparent-overlay\" href=\"https:\/\/bellaryon.com\/index.php\/les-speciaux\/\" aria-hidden=\"true\" tabindex=\"-1\"><\/a><\/div><\/div>\n\n\n\n<div class=\"wp-block-stackable-column stk-block-column stk-column stk-block stk-b90cc59\" data-v=\"4\" data-block-id=\"b90cc59\"><style>.stk-b90cc59 {margin-top:-62px !important;margin-bottom:60px !important;}@media screen and (max-width:689px){.stk-b90cc59 {margin-top:40px !important;margin-bottom:139px !important;}}<\/style><div class=\"stk-column-wrapper stk-block-column__content stk-container stk-b90cc59-container stk-hover-parent\"><div class=\"stk-block-content stk-inner-blocks stk-b90cc59-inner-blocks\">\n<div class=\"wp-block-stackable-image stk-block-image stk-block stk-59c0e19\" data-block-id=\"59c0e19\"><style>.stk-59c0e19 .stk-img-wrapper{height:350px !important;}<\/style><figure><span class=\"stk-img-wrapper stk-image--shape-stretch\"><img data-recalc-dims=\"1\" loading=\"lazy\" decoding=\"async\" class=\"stk-img wp-image-2908\" src=\"https:\/\/i0.wp.com\/bellaryon.com\/wp-content\/uploads\/2023\/06\/IMG_20240526_104428-scaled.jpg?resize=1290%2C972&#038;ssl=1\" width=\"1290\" height=\"972\" alt=\"Les Minis\" srcset=\"https:\/\/i0.wp.com\/bellaryon.com\/wp-content\/uploads\/2023\/06\/IMG_20240526_104428-scaled.jpg?w=2560&amp;ssl=1 2560w, https:\/\/i0.wp.com\/bellaryon.com\/wp-content\/uploads\/2023\/06\/IMG_20240526_104428-scaled.jpg?resize=300%2C226&amp;ssl=1 300w, https:\/\/i0.wp.com\/bellaryon.com\/wp-content\/uploads\/2023\/06\/IMG_20240526_104428-scaled.jpg?resize=1024%2C771&amp;ssl=1 1024w, https:\/\/i0.wp.com\/bellaryon.com\/wp-content\/uploads\/2023\/06\/IMG_20240526_104428-scaled.jpg?resize=768%2C578&amp;ssl=1 768w, https:\/\/i0.wp.com\/bellaryon.com\/wp-content\/uploads\/2023\/06\/IMG_20240526_104428-scaled.jpg?resize=96%2C72&amp;ssl=1 96w, https:\/\/i0.wp.com\/bellaryon.com\/wp-content\/uploads\/2023\/06\/IMG_20240526_104428-scaled.jpg?resize=42%2C32&amp;ssl=1 42w, https:\/\/i0.wp.com\/bellaryon.com\/wp-content\/uploads\/2023\/06\/IMG_20240526_104428-scaled.jpg?resize=1536%2C1157&amp;ssl=1 1536w, https:\/\/i0.wp.com\/bellaryon.com\/wp-content\/uploads\/2023\/06\/IMG_20240526_104428-scaled.jpg?resize=2048%2C1542&amp;ssl=1 2048w, https:\/\/i0.wp.com\/bellaryon.com\/wp-content\/uploads\/2023\/06\/IMG_20240526_104428-scaled.jpg?resize=1320%2C994&amp;ssl=1 1320w, https:\/\/i0.wp.com\/bellaryon.com\/wp-content\/uploads\/2023\/06\/IMG_20240526_104428-scaled.jpg?resize=600%2C452&amp;ssl=1 600w, https:\/\/i0.wp.com\/bellaryon.com\/wp-content\/uploads\/2023\/06\/IMG_20240526_104428-scaled.jpg?resize=64%2C48&amp;ssl=1 64w\" sizes=\"auto, (max-width: 1290px) 100vw, 1290px\" \/><\/span><\/figure><\/div>\n\n\n\n<div class=\"wp-block-stackable-heading stk-block-heading stk-block-heading--v2 stk-block stk-113d3f9\" id=\"les-melanges\" data-block-id=\"113d3f9\"><h3 class=\"stk-block-heading__text\">Les M\u00e9langes<\/h3><\/div>\n\n\n\n<div class=\"wp-block-stackable-text stk-block-text stk-block stk-e28acef\" data-block-id=\"e28acef\"><p class=\"stk-block-text__text\">Nos go\u00fbts classiques m\u00e9lang\u00e9s pour le bien-\u00eatre de vos chevaux.<\/p><\/div>\n\n\n\n<div class=\"wp-block-stackable-button-group stk-block-button-group stk-block stk-f241f6e\" data-block-id=\"f241f6e\"><div class=\"stk-row stk-inner-blocks stk-block-content stk-button-group\">\n<div class=\"wp-block-stackable-button stk-block-button is-style-plain stk-block stk-539603d\" data-block-id=\"539603d\"><style>.stk-539603d .stk-button{background:transparent !important;}<\/style><a class=\"stk-link stk-button stk--hover-effect-darken\" href=\"https:\/\/bellaryon.com\/index.php\/les-minis\/\"><span class=\"stk-button__inner-text\">Laissez vous tenter<\/span><\/a><\/div>\n<\/div><\/div>\n<\/div><a class=\"stk-link stk-block-link stk--transparent-overlay\" href=\"https:\/\/bellaryon.com\/index.php\/4306-2\/\" aria-hidden=\"true\" tabindex=\"-1\"><\/a><\/div><\/div>\n<\/div><\/div>\n<\/div><\/div><\/div>\n<\/div><\/div>\n","protected":false},"excerpt":{"rendered":"<p>Pour son bien-\u00eatre ou tout simplement pour lui faire plaisir Vous trouverez ce qui lui faut Les Classiques Nos friandises Classiques, une valeur s\u00fbre qui a fait ses preuves plus d&rsquo;une fois! Laissez vous tenter Les Sp\u00e9ciaux De saison, \u00e9v\u00e8nementiels ou pour des besoins particuliers, tout y est! Laissez vous tenter Les M\u00e9langes Nos go\u00fbts [&hellip;]<\/p>\n","protected":false},"author":1,"featured_media":0,"parent":0,"menu_order":0,"comment_status":"closed","ping_status":"closed","template":"","meta":{"om_disable_all_campaigns":false,"_monsterinsights_skip_tracking":false,"_monsterinsights_sitenote_active":false,"_monsterinsights_sitenote_note":"","_monsterinsights_sitenote_category":0,"jetpack_post_was_ever_published":false,"footnotes":""},"class_list":["post-1922","page","type-page","status-publish","hentry"],"blocksy_meta":[],"aioseo_notices":[],"jetpack_sharing_enabled":true,"_links":{"self":[{"href":"https:\/\/bellaryon.com\/index.php\/wp-json\/wp\/v2\/pages\/1922","targetHints":{"allow":["GET"]}}],"collection":[{"href":"https:\/\/bellaryon.com\/index.php\/wp-json\/wp\/v2\/pages"}],"about":[{"href":"https:\/\/bellaryon.com\/index.php\/wp-json\/wp\/v2\/types\/page"}],"author":[{"embeddable":true,"href":"https:\/\/bellaryon.com\/index.php\/wp-json\/wp\/v2\/users\/1"}],"replies":[{"embeddable":true,"href":"https:\/\/bellaryon.com\/index.php\/wp-json\/wp\/v2\/comments?post=1922"}],"version-history":[{"count":23,"href":"https:\/\/bellaryon.com\/index.php\/wp-json\/wp\/v2\/pages\/1922\/revisions"}],"predecessor-version":[{"id":4313,"href":"https:\/\/bellaryon.com\/index.php\/wp-json\/wp\/v2\/pages\/1922\/revisions\/4313"}],"wp:attachment":[{"href":"https:\/\/bellaryon.com\/index.php\/wp-json\/wp\/v2\/media?parent=1922"}],"curies":[{"name":"wp","href":"https:\/\/api.w.org\/{rel}","templated":true}]}}